
Calculate the remainder when 3508782 is divided by 21.
18
Calculate the remainder when 149230 is divided by 49722.
64
What is the remainder when 953650 is divided by 28043?
188
What is the remainder when 57975451 is divided by 4278?
4273
What is the remainder when 270680 is divided by 284?
28
Calculate the remainder when 38394 is divided by 689.
499
Calculate the remainder when 5203 is divided by 2613.
2590
What is the remainder when 87455935 is divided by 212?
211
What is the remainder when 60003 is divided by 58208?
1795
What is the remainder when 46558 is divided by 964?
286
What is the remainder when 390137 is divided by 1951?
1888
What is the remainder when 92253 is divided by 1003?
980
Calculate the remainder when 4379382 is divided by 265.
257
What is the remainder when 4828606 is divided by 1207148?
14
Calculate the remainder when 9155205 is divided by 13644.
81
What is the remainder when 11793175 is divided by 2948292?
7
Calculate the remainder when 3766409 is divided by 4400.
9
What is the remainder when 182945 is divided by 3435?
890
Calculate the remainder when 223105578 is divided by 2262.
2256
Calculate the remainder when 31516 is divided by 2118.
1864
What is the remainder when 55575 is divided by 5051?
14
Calculate the remainder when 123836710 is divided by 11675.
11660
Calculate the remainder when 162679210 is divided by 177986.
6
Calculate the remainder when 451575 is divided by 665.
40
Calculate the remainder when 14115366 is divided by 1509.
180
Calculate the remainder when 84957658 is divided by 3344.
3338
What is the remainder when 12030448 is divided by 1154?
1152
Calculate the remainder when 249073 is divided by 4788.
97
Calculate the remainder when 11045883 is divided by 1138.
455
What is the remainder when 5637701 is divided by 89?
85
Calculate the remainder when 1236736 is divided by 206113.
58
What is the remainder when 26266 is divided by 420?
226
What is the remainder when 172411930 is divided by 308?
306
What is the remainder when 9699107 is divided by 3000?
107
Calculate the remainder when 290537 is divided by 682.
5
What is the remainder when 173244 is divided by 43310?
4
Calculate the remainder when 5174900 is divided by 46.
38
Calculate the remainder when 124051973 is divided by 195.
188
Calculate the remainder when 512845 is divided by 5847.
4156
What is the remainder when 326511 is divided by 54048?
2223
What is the remainder when 3501097 is divided by 153?
151
Calculate the remainder when 871693 is divided by 145231.
307
What is the remainder when 1037360 is divided by 518275?
810
Calculate the remainder when 456444 is divided by 3711.
3702
What is the remainder when 103498211 is divided by 372?
371
Calculate the remainder when 4508325 is divided by 43.
33
What is the remainder when 2101850 is divided by 169?
166
What is the remainder when 1246183 is divided by 3754?
3609
Calculate the remainder when 29510356 is divided by 641.
639
What is the remainder when 2898589115 is divided by 5169?
5168
Calculate the remainder when 184938 is divided by 1903.
347
What is the remainder when 30438 is divided by 6081?
33
Calculate the remainder when 57180604 is divided by 11.
8
Calculate the remainder when 6292124 is divided by 225.
224
What is the remainder when 3676267 is divided by 2760?
2707
Calculate the remainder when 27462632 is divided by 135.
122
Calculate the remainder when 690131 is divided by 159.
71
Calculate the remainder when 10118780 is divided by 23.
22
Calculate the remainder when 915733 is divided by 159.
52
What is the remainder when 12270772 is divided by 14335?
12
What is the remainder when 1159256 is divided by 24151?
8
Calculate the remainder when 24778134 is divided by 56.
38
What is the remainder when 5321037 is divided by 109?
93
What is the remainder when 536818 is divided by 109?
102
What is the remainder when 4292066 is divided by 28805?
121
What is the remainder when 115786 is divided by 54419?
6948
What is the remainder when 8412607 is divided by 280420?
7
Calculate the remainder when 232660 is divided by 2374.
8
What is the remainder when 491696 is divided by 23373?
863
Calculate the remainder when 182617 is divided by 5498.
1183
Calculate the remainder when 457010274 is divided by 86.
82
Calculate the remainder when 7197241 is divided by 6125.
366
Calculate the remainder when 7638747 is divided by 1125.
1122
Calculate the remainder when 597192 is divided by 240.
72
Calculate the remainder when 267114 is divided by 66473.
1222
Calculate the remainder when 408684 is divided by 136194.
102
Calculate the remainder when 626144 is divided by 468.
428
Calculate the remainder when 4572148 is divided by 1122.
1120
Calculate the remainder when 21552189 is divided by 192.
189
Calculate the remainder when 35595871 is divided by 26.
25
Calculate the remainder when 35074 is divided by 17423.
228
What is the remainder when 25507 is divided by 3176?
99
Calculate the remainder when 37881421 is divided by 6313559.
67
What is the remainder when 861542 is divided by 214?
192
What is the remainder when 495592 is divided by 149?
18
What is the remainder when 154830056 is divided by 66?
62
Calculate the remainder when 36800939 is divided by 716.
687
What is the remainder when 1823141 is divided by 36462?
41
What is the remainder when 41760333 is divided by 20880155?
23
Calculate the remainder when 8055408 is divided by 37.
27
Calculate the remainder when 31324285 is divided by 75.
10
What is the remainder when 34984272 is divided by 5830711?
6
Calculate the remainder when 548584 is divided by 272830.
2924
Calculate the remainder when 1288453 is divided by 429484.
1
Calculate the remainder when 109409997 is divided by 14.
11
Calculate the remainder when 322528 is divided by 3291.
10
Calculate the remainder when 2350910 is divided by 167920.
30
Calculate the remainder when 501266 is divided by 11389.
150
What is the remainder when 444628 is divided by 148169?
121
Calculate the remainder when 9729451 is divided by 3243149.
4
What is the remainder when 76904 is divided by 24081?
4661
What is the remainder when 262442 is divided by 167?
85
What is the remainder when 195905 is divided by 26551?
10048
What is the remainder when 82345955 is divided by 924?
923
Calculate the remainder when 1520918 is divided by 33.
14
What is the remainder when 1215198 is divided by 560?
558
What is the remainder when 4647019 is divided by 511?
496
Calculate the remainder when 89573 is divided by 2440.
1733
What is the remainder when 1387447 is divided by 53362?
35
Calculate the remainder when 93304564 is divided by 3588636.
28
Calculate the remainder when 17655 is divided by 1310.
625
What is the remainder when 1249571 is divided by 740?
451
Calculate the remainder when 32613 is divided by 1810.
33
Calculate the remainder when 142623 is divided by 12466.
5497
Calculate the remainder when 300439 is divided by 10007.
229
What is the remainder when 1219622 is divided by 2784?
230
What is the remainder when 26507 is divided by 472?
75
What is the remainder when 135814 is divided by 2326?
906
What is the remainder when 10111 is divided by 228?
79
What is the remainder when 11905366 is divided by 39?
31
Calculate the remainder when 545480 is divided by 23716.
12
What is the remainder when 8003071 is divided by 8002956?
115
What is the remainder when 1062696 is divided by 3342?
3282
Calculate the remainder when 253147 is divided by 113.
27
Calculate the remainder when 1702568 is divided by 1289.
1088
Calculate the remainder when 406997 is divided by 1855.
752
What is the remainder when 988430 is divided by 4052?
3794
Calculate the remainder when 277555 is divided by 92335.
550
What is the remainder when 1288847 is divided by 161105?
7
What is the remainder when 18905283 is divided by 556037?
25
What is the remainder when 2003671 is divided by 166972?
7
What is the remainder when 1514361 is divided by 518?
247
Calculate the remainder when 12531935 is divided by 419.
64
What is the remainder when 755442 is divided by 535?
22
Calculate the remainder when 131412 is divided by 4277.
3102
What is the remainder when 6605 is divided by 3720?
2885
What is the remainder when 141216421 is divided by 129?
121
Calculate the remainder when 1414573 